{"id":4190,"date":"2025-05-20T13:27:33","date_gmt":"2025-05-20T17:27:33","guid":{"rendered":"https:\/\/promis.qc.ca\/?post_type=mec-events&#038;p=4190"},"modified":"2025-06-10T15:36:40","modified_gmt":"2025-06-10T19:36:40","slug":"les-testaments-2","status":"publish","type":"mec-events","link":"https:\/\/promis.qc.ca\/en\/activities-calendar\/les-testaments-2\/","title":{"rendered":"Les testaments"},"content":{"rendered":"<p><strong>Vendredi le 13 juin, de 16h \u00e0 17h30<\/strong><\/p>\n<p><span data-sheets-root=\"1\">Dans une soci\u00e9t\u00e9 o\u00f9 les al\u00e9as de la vie sont in\u00e9vitables, il est essentiel de se pr\u00e9parer \u00e0 l\u2019avenir, notamment en mati\u00e8re juridique. La conf\u00e9rence sur les testaments va parler de deux instruments fondamentaux qui garantissent la protection de vos volont\u00e9s et de vos proches : le testament et le mandat de protection. Le testament, souvent per\u00e7u comme un simple document de transmission de biens, est en r\u00e9alit\u00e9 beaucoup plus pertinent que juste cela ! Le mandat de protection, quant \u00e0 lui, s\u2019inscrit dans un cadre pr\u00e9ventif, permettant de ce fait \u00e0 une personne de d\u00e9signer \u00e0 l\u2019avance une autre pour veiller sur sa sant\u00e9, ses biens et ses int\u00e9r\u00eats en cas d\u2019incapacit\u00e9. \u00c0 vous de d\u00e9couvrir sur ces sujets int\u00e9ressants pour votre tranquillit\u00e9 et vos proches.<\/span><\/p>\n<p>Animateur ou conf\u00e9rencier : Angeles Lopez, notaire<\/p>\n<p><strong>En ligne.<\/strong><\/p>\n<p><i>Pour participer, <a class=\"btn btn-secondary\" href=\"https:\/\/calendly.com\/promisimmigration\/testaments\" target=\"_blank\" rel=\"noopener\">cliquez ici.<\/a><\/i><\/p>","protected":false},"excerpt":{"rendered":"<p>Vendredi le 13 juin, de 16h \u00e0 17h30 Dans une soci\u00e9t\u00e9 o\u00f9 les al\u00e9as de la vie sont in\u00e9vitables, il est essentiel de se pr\u00e9parer \u00e0 l\u2019avenir, notamment en mati\u00e8re juridique. La conf\u00e9rence sur les testaments va parler de deux instruments fondamentaux qui garantissent la protection de vos volont\u00e9s et de vos proches : le [&hellip;]<\/p>\n","protected":false},"author":3,"featured_media":4206,"comment_status":"closed","ping_status":"closed","template":"","tags":[],"mec_category":[68],"class_list":["post-4190","mec-events","type-mec-events","status-publish","has-post-thumbnail","hentry","mec_category-workshop"],"acf":[],"yoast_head":"<!-- This site is optimized with the Yoast SEO plugin v24.6 - https:\/\/yoast.com\/wordpress\/plugins\/seo\/ -->\n<title>Les testaments | PROMIS<\/title>\n<meta name=\"robots\" content=\"index, follow, max-snippet:-1, max-image-preview:large, max-video-preview:-1\" \/>\n<link rel=\"canonical\" href=\"https:\/\/promis.qc.ca\/en\/activities-calendar\/les-testaments-2\/\" \/>\n<meta property=\"og:locale\" content=\"en_US\" \/>\n<meta property=\"og:type\" content=\"article\" \/>\n<meta property=\"og:title\" content=\"Les testaments | PROMIS\" \/>\n<meta property=\"og:description\" content=\"Vendredi le 13 juin, de 16h \u00e0 17h30 Dans une soci\u00e9t\u00e9 o\u00f9 les al\u00e9as de la vie sont in\u00e9vitables, il est essentiel de se pr\u00e9parer \u00e0 l\u2019avenir, notamment en mati\u00e8re juridique. La conf\u00e9rence sur les testaments va parler de deux instruments fondamentaux qui garantissent la protection de vos volont\u00e9s et de vos proches : le [&hellip;]\" \/>\n<meta property=\"og:url\" content=\"https:\/\/promis.qc.ca\/en\/activities-calendar\/les-testaments-2\/\" \/>\n<meta property=\"og:site_name\" content=\"PROMIS\" \/>\n<meta property=\"article:publisher\" content=\"https:\/\/www.facebook.com\/promisimmigration\" \/>\n<meta property=\"article:modified_time\" content=\"2025-06-10T19:36:40+00:00\" \/>\n<meta property=\"og:image\" content=\"https:\/\/promis.qc.ca\/wp-content\/uploads\/2025\/05\/juin25-testaments-image.jpeg\" \/>\n\t<meta property=\"og:image:width\" content=\"1080\" \/>\n\t<meta property=\"og:image:height\" content=\"1080\" \/>\n\t<meta property=\"og:image:type\" content=\"image\/jpeg\" \/>\n<meta name=\"twitter:card\" content=\"summary_large_image\" \/>\n<meta name=\"twitter:label1\" content=\"Est. reading time\" \/>\n\t<meta name=\"twitter:data1\" content=\"1 minute\" \/>\n<script type=\"application\/ld+json\" class=\"yoast-schema-graph\">{\"@context\":\"https:\/\/schema.org\",\"@graph\":[{\"@type\":\"WebPage\",\"@id\":\"https:\/\/promis.qc.ca\/en\/activities-calendar\/les-testaments-2\/\",\"url\":\"https:\/\/promis.qc.ca\/en\/activities-calendar\/les-testaments-2\/\",\"name\":\"Les testaments | PROMIS\",\"isPartOf\":{\"@id\":\"https:\/\/promis.qc.ca\/en\/#website\"},\"primaryImageOfPage\":{\"@id\":\"https:\/\/promis.qc.ca\/en\/activities-calendar\/les-testaments-2\/#primaryimage\"},\"image\":{\"@id\":\"https:\/\/promis.qc.ca\/en\/activities-calendar\/les-testaments-2\/#primaryimage\"},\"thumbnailUrl\":\"https:\/\/promis.qc.ca\/wp-content\/uploads\/2025\/05\/juin25-testaments-image.jpeg\",\"datePublished\":\"2025-05-20T17:27:33+00:00\",\"dateModified\":\"2025-06-10T19:36:40+00:00\",\"breadcrumb\":{\"@id\":\"https:\/\/promis.qc.ca\/en\/activities-calendar\/les-testaments-2\/#breadcrumb\"},\"inLanguage\":\"en-US\",\"potentialAction\":[{\"@type\":\"ReadAction\",\"target\":[\"https:\/\/promis.qc.ca\/en\/activities-calendar\/les-testaments-2\/\"]}]},{\"@type\":\"ImageObject\",\"inLanguage\":\"en-US\",\"@id\":\"https:\/\/promis.qc.ca\/en\/activities-calendar\/les-testaments-2\/#primaryimage\",\"url\":\"https:\/\/promis.qc.ca\/wp-content\/uploads\/2025\/05\/juin25-testaments-image.jpeg\",\"contentUrl\":\"https:\/\/promis.qc.ca\/wp-content\/uploads\/2025\/05\/juin25-testaments-image.jpeg\",\"width\":1080,\"height\":1080,\"caption\":\"A balance scale symbolizing justice alongside a miniature house model, representing legal matters related to real estate transactions and property rights.\"},{\"@type\":\"BreadcrumbList\",\"@id\":\"https:\/\/promis.qc.ca\/en\/activities-calendar\/les-testaments-2\/#breadcrumb\",\"itemListElement\":[{\"@type\":\"ListItem\",\"position\":1,\"name\":\"Home\",\"item\":\"https:\/\/promis.qc.ca\/en\/\"},{\"@type\":\"ListItem\",\"position\":2,\"name\":\"Les testaments\"}]},{\"@type\":\"WebSite\",\"@id\":\"https:\/\/promis.qc.ca\/en\/#website\",\"url\":\"https:\/\/promis.qc.ca\/en\/\",\"name\":\"PROMIS\",\"description\":\"Assistance for immigrants and refugees in Montreal\",\"publisher\":{\"@id\":\"https:\/\/promis.qc.ca\/en\/#organization\"},\"potentialAction\":[{\"@type\":\"SearchAction\",\"target\":{\"@type\":\"EntryPoint\",\"urlTemplate\":\"https:\/\/promis.qc.ca\/en\/?s={search_term_string}\"},\"query-input\":{\"@type\":\"PropertyValueSpecification\",\"valueRequired\":true,\"valueName\":\"search_term_string\"}}],\"inLanguage\":\"en-US\"},{\"@type\":\"Organization\",\"@id\":\"https:\/\/promis.qc.ca\/en\/#organization\",\"name\":\"Promis\",\"url\":\"https:\/\/promis.qc.ca\/en\/\",\"logo\":{\"@type\":\"ImageObject\",\"inLanguage\":\"en-US\",\"@id\":\"https:\/\/promis.qc.ca\/en\/#\/schema\/logo\/image\/\",\"url\":\"https:\/\/promis.qc.ca\/wp-content\/uploads\/2024\/12\/anim-accueil-v2-3.svg\",\"contentUrl\":\"https:\/\/promis.qc.ca\/wp-content\/uploads\/2024\/12\/anim-accueil-v2-3.svg\",\"width\":1,\"height\":1,\"caption\":\"Promis\"},\"image\":{\"@id\":\"https:\/\/promis.qc.ca\/en\/#\/schema\/logo\/image\/\"},\"sameAs\":[\"https:\/\/www.facebook.com\/promisimmigration\"]}]}<\/script>\n<!-- \/ Yoast SEO plugin. -->","yoast_head_json":{"title":"Les testaments | PROMIS","robots":{"index":"index","follow":"follow","max-snippet":"max-snippet:-1","max-image-preview":"max-image-preview:large","max-video-preview":"max-video-preview:-1"},"canonical":"https:\/\/promis.qc.ca\/en\/activities-calendar\/les-testaments-2\/","og_locale":"en_US","og_type":"article","og_title":"Les testaments | PROMIS","og_description":"Vendredi le 13 juin, de 16h \u00e0 17h30 Dans une soci\u00e9t\u00e9 o\u00f9 les al\u00e9as de la vie sont in\u00e9vitables, il est essentiel de se pr\u00e9parer \u00e0 l\u2019avenir, notamment en mati\u00e8re juridique. La conf\u00e9rence sur les testaments va parler de deux instruments fondamentaux qui garantissent la protection de vos volont\u00e9s et de vos proches : le [&hellip;]","og_url":"https:\/\/promis.qc.ca\/en\/activities-calendar\/les-testaments-2\/","og_site_name":"PROMIS","article_publisher":"https:\/\/www.facebook.com\/promisimmigration","article_modified_time":"2025-06-10T19:36:40+00:00","og_image":[{"width":1080,"height":1080,"url":"https:\/\/promis.qc.ca\/wp-content\/uploads\/2025\/05\/juin25-testaments-image.jpeg","type":"image\/jpeg"}],"twitter_card":"summary_large_image","twitter_misc":{"Est. reading time":"1 minute"},"schema":{"@context":"https:\/\/schema.org","@graph":[{"@type":"WebPage","@id":"https:\/\/promis.qc.ca\/en\/activities-calendar\/les-testaments-2\/","url":"https:\/\/promis.qc.ca\/en\/activities-calendar\/les-testaments-2\/","name":"Les testaments | PROMIS","isPartOf":{"@id":"https:\/\/promis.qc.ca\/en\/#website"},"primaryImageOfPage":{"@id":"https:\/\/promis.qc.ca\/en\/activities-calendar\/les-testaments-2\/#primaryimage"},"image":{"@id":"https:\/\/promis.qc.ca\/en\/activities-calendar\/les-testaments-2\/#primaryimage"},"thumbnailUrl":"https:\/\/promis.qc.ca\/wp-content\/uploads\/2025\/05\/juin25-testaments-image.jpeg","datePublished":"2025-05-20T17:27:33+00:00","dateModified":"2025-06-10T19:36:40+00:00","breadcrumb":{"@id":"https:\/\/promis.qc.ca\/en\/activities-calendar\/les-testaments-2\/#breadcrumb"},"inLanguage":"en-US","potentialAction":[{"@type":"ReadAction","target":["https:\/\/promis.qc.ca\/en\/activities-calendar\/les-testaments-2\/"]}]},{"@type":"ImageObject","inLanguage":"en-US","@id":"https:\/\/promis.qc.ca\/en\/activities-calendar\/les-testaments-2\/#primaryimage","url":"https:\/\/promis.qc.ca\/wp-content\/uploads\/2025\/05\/juin25-testaments-image.jpeg","contentUrl":"https:\/\/promis.qc.ca\/wp-content\/uploads\/2025\/05\/juin25-testaments-image.jpeg","width":1080,"height":1080,"caption":"A balance scale symbolizing justice alongside a miniature house model, representing legal matters related to real estate transactions and property rights."},{"@type":"BreadcrumbList","@id":"https:\/\/promis.qc.ca\/en\/activities-calendar\/les-testaments-2\/#breadcrumb","itemListElement":[{"@type":"ListItem","position":1,"name":"Home","item":"https:\/\/promis.qc.ca\/en\/"},{"@type":"ListItem","position":2,"name":"Les testaments"}]},{"@type":"WebSite","@id":"https:\/\/promis.qc.ca\/en\/#website","url":"https:\/\/promis.qc.ca\/en\/","name":"PROMIS","description":"Assistance for immigrants and refugees in Montreal","publisher":{"@id":"https:\/\/promis.qc.ca\/en\/#organization"},"potentialAction":[{"@type":"SearchAction","target":{"@type":"EntryPoint","urlTemplate":"https:\/\/promis.qc.ca\/en\/?s={search_term_string}"},"query-input":{"@type":"PropertyValueSpecification","valueRequired":true,"valueName":"search_term_string"}}],"inLanguage":"en-US"},{"@type":"Organization","@id":"https:\/\/promis.qc.ca\/en\/#organization","name":"Promis","url":"https:\/\/promis.qc.ca\/en\/","logo":{"@type":"ImageObject","inLanguage":"en-US","@id":"https:\/\/promis.qc.ca\/en\/#\/schema\/logo\/image\/","url":"https:\/\/promis.qc.ca\/wp-content\/uploads\/2024\/12\/anim-accueil-v2-3.svg","contentUrl":"https:\/\/promis.qc.ca\/wp-content\/uploads\/2024\/12\/anim-accueil-v2-3.svg","width":1,"height":1,"caption":"Promis"},"image":{"@id":"https:\/\/promis.qc.ca\/en\/#\/schema\/logo\/image\/"},"sameAs":["https:\/\/www.facebook.com\/promisimmigration"]}]}},"_links":{"self":[{"href":"https:\/\/promis.qc.ca\/en\/wp-json\/wp\/v2\/mec-events\/4190","targetHints":{"allow":["GET"]}}],"collection":[{"href":"https:\/\/promis.qc.ca\/en\/wp-json\/wp\/v2\/mec-events"}],"about":[{"href":"https:\/\/promis.qc.ca\/en\/wp-json\/wp\/v2\/types\/mec-events"}],"author":[{"embeddable":true,"href":"https:\/\/promis.qc.ca\/en\/wp-json\/wp\/v2\/users\/3"}],"replies":[{"embeddable":true,"href":"https:\/\/promis.qc.ca\/en\/wp-json\/wp\/v2\/comments?post=4190"}],"wp:featuredmedia":[{"embeddable":true,"href":"https:\/\/promis.qc.ca\/en\/wp-json\/wp\/v2\/media\/4206"}],"wp:attachment":[{"href":"https:\/\/promis.qc.ca\/en\/wp-json\/wp\/v2\/media?parent=4190"}],"wp:term":[{"taxonomy":"post_tag","embeddable":true,"href":"https:\/\/promis.qc.ca\/en\/wp-json\/wp\/v2\/tags?post=4190"},{"taxonomy":"mec_category","embeddable":true,"href":"https:\/\/promis.qc.ca\/en\/wp-json\/wp\/v2\/mec_category?post=4190"}],"curies":[{"name":"wp","href":"https:\/\/api.w.org\/{rel}","templated":true}]}}

<p><strong>Vendredi le 13 juin, de 16h à 17h30</strong></p>
<p><span data-sheets-root="1">Dans une société où les aléas de la vie sont inévitables, il est essentiel de se préparer à l’avenir, notamment en matière juridique. La conférence sur les testaments va parler de deux instruments fondamentaux qui garantissent la protection de vos volontés et de vos proches : le testament et le mandat de protection. Le testament, souvent perçu comme un simple document de transmission de biens, est en réalité beaucoup plus pertinent que juste cela ! Le mandat de protection, quant à lui, s’inscrit dans un cadre préventif, permettant de ce fait à une personne de désigner à l’avance une autre pour veiller sur sa santé, ses biens et ses intérêts en cas d’incapacité. À vous de découvrir sur ces sujets intéressants pour votre tranquillité et vos proches.</span></p>
<p>Animateur ou conférencier : Angeles Lopez, notaire</p>
<p><strong>En ligne.</strong></p>
<p><i>Pour participer, <a class="btn btn-secondary" href="https://calendly.com/promisimmigration/testaments" target="_blank" rel="noopener">cliquez ici.</a></i></p>

<p>Vendredi le 13 juin, de 16h à 17h30 Dans une société où les aléas de la vie sont inévitables, il est essentiel de se préparer à l’avenir, notamment en matière juridique. La conférence sur les testaments va parler de deux instruments fondamentaux qui garantissent la protection de vos volontés et de vos proches : le [&hellip;]</p>

<!-- This site is optimized with the Yoast SEO plugin v24.6 - https://yoast.com/wordpress/plugins/seo/ -->
<title>Les testaments | PROMIS</title>
<meta name="robots" content="index, follow, max-snippet:-1, max-image-preview:large, max-video-preview:-1" />
<link rel="canonical" href="https://promis.qc.ca/en/activities-calendar/les-testaments-2/" />
<meta property="og:locale" content="en_US" />
<meta property="og:type" content="article" />
<meta property="og:title" content="Les testaments | PROMIS" />
<meta property="og:description" content="Vendredi le 13 juin, de 16h à 17h30 Dans une société où les aléas de la vie sont inévitables, il est essentiel de se préparer à l’avenir, notamment en matière juridique. La conférence sur les testaments va parler de deux instruments fondamentaux qui garantissent la protection de vos volontés et de vos proches : le [&hellip;]" />
<meta property="og:url" content="https://promis.qc.ca/en/activities-calendar/les-testaments-2/" />
<meta property="og:site_name" content="PROMIS" />
<meta property="article:publisher" content="https://www.facebook.com/promisimmigration" />
<meta property="article:modified_time" content="2025-06-10T19:36:40+00:00" />
<meta property="og:image" content="https://promis.qc.ca/wp-content/uploads/2025/05/juin25-testaments-image.jpeg" />
	<meta property="og:image:width" content="1080" />
	<meta property="og:image:height" content="1080" />
	<meta property="og:image:type" content="image/jpeg" />
<meta name="twitter:card" content="summary_large_image" />
<meta name="twitter:label1" content="Est. reading time" />
	<meta name="twitter:data1" content="1 minute" />
<script type="application/ld+json" class="yoast-schema-graph">{"@context":"https://schema.org","@graph":[{"@type":"WebPage","@id":"https://promis.qc.ca/en/activities-calendar/les-testaments-2/","url":"https://promis.qc.ca/en/activities-calendar/les-testaments-2/","name":"Les testaments | PROMIS","isPartOf":{"@id":"https://promis.qc.ca/en/#website"},"primaryImageOfPage":{"@id":"https://promis.qc.ca/en/activities-calendar/les-testaments-2/#primaryimage"},"image":{"@id":"https://promis.qc.ca/en/activities-calendar/les-testaments-2/#primaryimage"},"thumbnailUrl":"https://promis.qc.ca/wp-content/uploads/2025/05/juin25-testaments-image.jpeg","datePublished":"2025-05-20T17:27:33+00:00","dateModified":"2025-06-10T19:36:40+00:00","breadcrumb":{"@id":"https://promis.qc.ca/en/activities-calendar/les-testaments-2/#breadcrumb"},"inLanguage":"en-US","potentialAction":[{"@type":"ReadAction","target":["https://promis.qc.ca/en/activities-calendar/les-testaments-2/"]}]},{"@type":"ImageObject","inLanguage":"en-US","@id":"https://promis.qc.ca/en/activities-calendar/les-testaments-2/#primaryimage","url":"https://promis.qc.ca/wp-content/uploads/2025/05/juin25-testaments-image.jpeg","contentUrl":"https://promis.qc.ca/wp-content/uploads/2025/05/juin25-testaments-image.jpeg","width":1080,"height":1080,"caption":"A balance scale symbolizing justice alongside a miniature house model, representing legal matters related to real estate transactions and property rights."},{"@type":"BreadcrumbList","@id":"https://promis.qc.ca/en/activities-calendar/les-testaments-2/#breadcrumb","itemListElement":[{"@type":"ListItem","position":1,"name":"Home","item":"https://promis.qc.ca/en/"},{"@type":"ListItem","position":2,"name":"Les testaments"}]},{"@type":"WebSite","@id":"https://promis.qc.ca/en/#website","url":"https://promis.qc.ca/en/","name":"PROMIS","description":"Assistance for immigrants and refugees in Montreal","publisher":{"@id":"https://promis.qc.ca/en/#organization"},"potentialAction":[{"@type":"SearchAction","target":{"@type":"EntryPoint","urlTemplate":"https://promis.qc.ca/en/?s={search_term_string}"},"query-input":{"@type":"PropertyValueSpecification","valueRequired":true,"valueName":"search_term_string"}}],"inLanguage":"en-US"},{"@type":"Organization","@id":"https://promis.qc.ca/en/#organization","name":"Promis","url":"https://promis.qc.ca/en/","logo":{"@type":"ImageObject","inLanguage":"en-US","@id":"https://promis.qc.ca/en/#/schema/logo/image/","url":"https://promis.qc.ca/wp-content/uploads/2024/12/anim-accueil-v2-3.svg","contentUrl":"https://promis.qc.ca/wp-content/uploads/2024/12/anim-accueil-v2-3.svg","width":1,"height":1,"caption":"Promis"},"image":{"@id":"https://promis.qc.ca/en/#/schema/logo/image/"},"sameAs":["https://www.facebook.com/promisimmigration"]}]}</script>
<!-- / Yoast SEO plugin. -->

Vendredi le 13 juin, de 16h à 17h30 Dans une société où les aléas de la vie sont inévitables, il est essentiel de se préparer à l’avenir, notamment en matière juridique. La conférence sur les testaments va parler de deux instruments fondamentaux qui garantissent la protection de vos volontés et de vos proches : le [&hellip;]
