{"id":5224,"date":"2026-03-04T14:08:46","date_gmt":"2026-03-04T19:08:46","guid":{"rendered":"https:\/\/promis.qc.ca\/calendrier-des-activites\/le-droit-de-la-famille-2026-03\/"},"modified":"2026-03-04T14:08:46","modified_gmt":"2026-03-04T19:08:46","slug":"le-droit-de-la-famille-2026-03","status":"publish","type":"mec-events","link":"https:\/\/promis.qc.ca\/en\/activities-calendar\/le-droit-de-la-famille-2026-03\/","title":{"rendered":"Le droit de la famille"},"content":{"rendered":"<p><strong>Vendredi le 27 mars, de 14 h \u00e0 16 h<\/strong><\/p>\n<p>D\u00e9couvrez les multiples visages du droit et de la famille au Qu\u00e9bec<\/p>\n<p>Le droit qu\u00e9b\u00e9cois reconna\u00eet aujourd\u2019hui quatre statuts conjugaux: mariage, union civile, union parentale et union de fait, chacun porteur de droits, d\u2019obligations et de protections distinctes. Cette diversit\u00e9 t\u00e9moigne d\u2019une volont\u00e9 d\u2019allier libert\u00e9 de choix et s\u00e9curit\u00e9 juridique pour tous les couples.<\/p>\n<p>Nous explorerons \u00e9galement les devoirs mutuels des conjoints (fid\u00e9lit\u00e9, assistance, cohabitation) et les m\u00e9canismes de protection \u00e9conomique, comme le patrimoine familial ou la r\u00e9sidence commune. Vous verrez comment le r\u00e9gime matrimonial choisi influence la gestion et le partage des biens.<\/p>\n<p>Des cas concrets viendront illustrer ces notions : la vente d\u2019une maison sans le consentement du conjoint, la s\u00e9paration d\u2019un couple en union de fait avec enfants, ou encore les obligations alimentaires dans les familles recompos\u00e9es.<\/p>\n<p>Une conf\u00e9rence incontournable pour comprendre comment le droit encadre, prot\u00e8ge et soutient les familles qu\u00e9b\u00e9coises d\u2019aujourd\u2019hui !<\/p>\n<p>Animateur ou conf\u00e9rencier : Marie Dusseault et Livia Laroche, \u00c9tudiantes de premi\u00e8re ann\u00e9e en droit \u00e0 l\u2019Universit\u00e9 de Montr\u00e9al.<\/p>\n<p>Personne contact : Vanessa Mae Guerrero<\/p>\n<p><strong>3333 Chemin de la C\u00f4te-Sainte-Catherine Montr\u00e9al, QC H3T 1C8<\/strong><\/p>\n<p><i>Pour participer, <a class=\"btn btn-secondary\" href=\"https:\/\/calendly.com\/vanessa-guerrero-promis\/le-droit-de-la-famille\" target=\"_blank\" rel=\"noopener\">cliquez ici.<\/a><\/i><\/p>","protected":false},"excerpt":{"rendered":"<p>Vendredi le 27 mars, de 14 h \u00e0 16 h D\u00e9couvrez les multiples visages du droit et de la famille au Qu\u00e9bec Le droit qu\u00e9b\u00e9cois reconna\u00eet aujourd\u2019hui quatre statuts conjugaux: mariage, union civile, union parentale et union de fait, chacun porteur de droits, d\u2019obligations et de protections distinctes. Cette diversit\u00e9 t\u00e9moigne d\u2019une volont\u00e9 d\u2019allier libert\u00e9 [&hellip;]<\/p>\n","protected":false},"author":3,"featured_media":5093,"comment_status":"closed","ping_status":"closed","template":"","tags":[],"mec_category":[69,64],"class_list":["post-5224","mec-events","type-mec-events","status-publish","has-post-thumbnail","hentry","mec_category-conference-en","mec_category-welcome-and-integration"],"acf":[],"yoast_head":"<!-- This site is optimized with the Yoast SEO plugin v24.6 - https:\/\/yoast.com\/wordpress\/plugins\/seo\/ -->\n<title>Le droit de la famille | PROMIS<\/title>\n<meta name=\"robots\" content=\"index, follow, max-snippet:-1, max-image-preview:large, max-video-preview:-1\" \/>\n<link rel=\"canonical\" href=\"https:\/\/promis.qc.ca\/en\/activities-calendar\/le-droit-de-la-famille-2026-03\/\" \/>\n<meta property=\"og:locale\" content=\"en_US\" \/>\n<meta property=\"og:type\" content=\"article\" \/>\n<meta property=\"og:title\" content=\"Le droit de la famille | PROMIS\" \/>\n<meta property=\"og:description\" content=\"Vendredi le 27 mars, de 14 h \u00e0 16 h D\u00e9couvrez les multiples visages du droit et de la famille au Qu\u00e9bec Le droit qu\u00e9b\u00e9cois reconna\u00eet aujourd\u2019hui quatre statuts conjugaux: mariage, union civile, union parentale et union de fait, chacun porteur de droits, d\u2019obligations et de protections distinctes. Cette diversit\u00e9 t\u00e9moigne d\u2019une volont\u00e9 d\u2019allier libert\u00e9 [&hellip;]\" \/>\n<meta property=\"og:url\" content=\"https:\/\/promis.qc.ca\/en\/activities-calendar\/le-droit-de-la-famille-2026-03\/\" \/>\n<meta property=\"og:site_name\" content=\"PROMIS\" \/>\n<meta property=\"article:publisher\" content=\"https:\/\/www.facebook.com\/promisimmigration\" \/>\n<meta property=\"og:image\" content=\"https:\/\/promis.qc.ca\/wp-content\/uploads\/2024\/12\/sintegrer-pour-rester-lorem-ipsum-dolor-sit-amet-consectetur-adipiscing-elit-quisque-laoreet-scelerisque-porttitor-vestibulum-metus-leo-aliquet-vitae-nisi-non-sodales-sodales-ipsum-sintegr.jpg\" \/>\n\t<meta property=\"og:image:width\" content=\"1600\" \/>\n\t<meta property=\"og:image:height\" content=\"675\" \/>\n\t<meta property=\"og:image:type\" content=\"image\/jpeg\" \/>\n<meta name=\"twitter:card\" content=\"summary_large_image\" \/>\n<meta name=\"twitter:label1\" content=\"Est. reading time\" \/>\n\t<meta name=\"twitter:data1\" content=\"1 minute\" \/>\n<script type=\"application\/ld+json\" class=\"yoast-schema-graph\">{\"@context\":\"https:\/\/schema.org\",\"@graph\":[{\"@type\":\"WebPage\",\"@id\":\"https:\/\/promis.qc.ca\/en\/activities-calendar\/le-droit-de-la-famille-2026-03\/\",\"url\":\"https:\/\/promis.qc.ca\/en\/activities-calendar\/le-droit-de-la-famille-2026-03\/\",\"name\":\"Le droit de la famille | PROMIS\",\"isPartOf\":{\"@id\":\"https:\/\/promis.qc.ca\/en\/#website\"},\"primaryImageOfPage\":{\"@id\":\"https:\/\/promis.qc.ca\/en\/activities-calendar\/le-droit-de-la-famille-2026-03\/#primaryimage\"},\"image\":{\"@id\":\"https:\/\/promis.qc.ca\/en\/activities-calendar\/le-droit-de-la-famille-2026-03\/#primaryimage\"},\"thumbnailUrl\":\"https:\/\/promis.qc.ca\/wp-content\/uploads\/2026\/01\/activites-janvier26-droit-de-la-famille.jpg\",\"datePublished\":\"2026-03-04T19:08:46+00:00\",\"breadcrumb\":{\"@id\":\"https:\/\/promis.qc.ca\/en\/activities-calendar\/le-droit-de-la-famille-2026-03\/#breadcrumb\"},\"inLanguage\":\"en-US\",\"potentialAction\":[{\"@type\":\"ReadAction\",\"target\":[\"https:\/\/promis.qc.ca\/en\/activities-calendar\/le-droit-de-la-famille-2026-03\/\"]}]},{\"@type\":\"ImageObject\",\"inLanguage\":\"en-US\",\"@id\":\"https:\/\/promis.qc.ca\/en\/activities-calendar\/le-droit-de-la-famille-2026-03\/#primaryimage\",\"url\":\"https:\/\/promis.qc.ca\/wp-content\/uploads\/2026\/01\/activites-janvier26-droit-de-la-famille.jpg\",\"contentUrl\":\"https:\/\/promis.qc.ca\/wp-content\/uploads\/2026\/01\/activites-janvier26-droit-de-la-famille.jpg\",\"width\":1080,\"height\":1080},{\"@type\":\"BreadcrumbList\",\"@id\":\"https:\/\/promis.qc.ca\/en\/activities-calendar\/le-droit-de-la-famille-2026-03\/#breadcrumb\",\"itemListElement\":[{\"@type\":\"ListItem\",\"position\":1,\"name\":\"Home\",\"item\":\"https:\/\/promis.qc.ca\/en\/\"},{\"@type\":\"ListItem\",\"position\":2,\"name\":\"Le droit de la famille\"}]},{\"@type\":\"WebSite\",\"@id\":\"https:\/\/promis.qc.ca\/en\/#website\",\"url\":\"https:\/\/promis.qc.ca\/en\/\",\"name\":\"PROMIS\",\"description\":\"Assistance for immigrants and refugees in Montreal\",\"publisher\":{\"@id\":\"https:\/\/promis.qc.ca\/en\/#organization\"},\"potentialAction\":[{\"@type\":\"SearchAction\",\"target\":{\"@type\":\"EntryPoint\",\"urlTemplate\":\"https:\/\/promis.qc.ca\/en\/?s={search_term_string}\"},\"query-input\":{\"@type\":\"PropertyValueSpecification\",\"valueRequired\":true,\"valueName\":\"search_term_string\"}}],\"inLanguage\":\"en-US\"},{\"@type\":\"Organization\",\"@id\":\"https:\/\/promis.qc.ca\/en\/#organization\",\"name\":\"Promis\",\"url\":\"https:\/\/promis.qc.ca\/en\/\",\"logo\":{\"@type\":\"ImageObject\",\"inLanguage\":\"en-US\",\"@id\":\"https:\/\/promis.qc.ca\/en\/#\/schema\/logo\/image\/\",\"url\":\"https:\/\/promis.qc.ca\/wp-content\/uploads\/2024\/12\/anim-accueil-v2-3.svg\",\"contentUrl\":\"https:\/\/promis.qc.ca\/wp-content\/uploads\/2024\/12\/anim-accueil-v2-3.svg\",\"width\":1,\"height\":1,\"caption\":\"Promis\"},\"image\":{\"@id\":\"https:\/\/promis.qc.ca\/en\/#\/schema\/logo\/image\/\"},\"sameAs\":[\"https:\/\/www.facebook.com\/promisimmigration\"]}]}<\/script>\n<!-- \/ Yoast SEO plugin. -->","yoast_head_json":{"title":"Le droit de la famille | PROMIS","robots":{"index":"index","follow":"follow","max-snippet":"max-snippet:-1","max-image-preview":"max-image-preview:large","max-video-preview":"max-video-preview:-1"},"canonical":"https:\/\/promis.qc.ca\/en\/activities-calendar\/le-droit-de-la-famille-2026-03\/","og_locale":"en_US","og_type":"article","og_title":"Le droit de la famille | PROMIS","og_description":"Vendredi le 27 mars, de 14 h \u00e0 16 h D\u00e9couvrez les multiples visages du droit et de la famille au Qu\u00e9bec Le droit qu\u00e9b\u00e9cois reconna\u00eet aujourd\u2019hui quatre statuts conjugaux: mariage, union civile, union parentale et union de fait, chacun porteur de droits, d\u2019obligations et de protections distinctes. Cette diversit\u00e9 t\u00e9moigne d\u2019une volont\u00e9 d\u2019allier libert\u00e9 [&hellip;]","og_url":"https:\/\/promis.qc.ca\/en\/activities-calendar\/le-droit-de-la-famille-2026-03\/","og_site_name":"PROMIS","article_publisher":"https:\/\/www.facebook.com\/promisimmigration","og_image":[{"width":1600,"height":675,"url":"https:\/\/promis.qc.ca\/wp-content\/uploads\/2024\/12\/sintegrer-pour-rester-lorem-ipsum-dolor-sit-amet-consectetur-adipiscing-elit-quisque-laoreet-scelerisque-porttitor-vestibulum-metus-leo-aliquet-vitae-nisi-non-sodales-sodales-ipsum-sintegr.jpg","type":"image\/jpeg"}],"twitter_card":"summary_large_image","twitter_misc":{"Est. reading time":"1 minute"},"schema":{"@context":"https:\/\/schema.org","@graph":[{"@type":"WebPage","@id":"https:\/\/promis.qc.ca\/en\/activities-calendar\/le-droit-de-la-famille-2026-03\/","url":"https:\/\/promis.qc.ca\/en\/activities-calendar\/le-droit-de-la-famille-2026-03\/","name":"Le droit de la famille | PROMIS","isPartOf":{"@id":"https:\/\/promis.qc.ca\/en\/#website"},"primaryImageOfPage":{"@id":"https:\/\/promis.qc.ca\/en\/activities-calendar\/le-droit-de-la-famille-2026-03\/#primaryimage"},"image":{"@id":"https:\/\/promis.qc.ca\/en\/activities-calendar\/le-droit-de-la-famille-2026-03\/#primaryimage"},"thumbnailUrl":"https:\/\/promis.qc.ca\/wp-content\/uploads\/2026\/01\/activites-janvier26-droit-de-la-famille.jpg","datePublished":"2026-03-04T19:08:46+00:00","breadcrumb":{"@id":"https:\/\/promis.qc.ca\/en\/activities-calendar\/le-droit-de-la-famille-2026-03\/#breadcrumb"},"inLanguage":"en-US","potentialAction":[{"@type":"ReadAction","target":["https:\/\/promis.qc.ca\/en\/activities-calendar\/le-droit-de-la-famille-2026-03\/"]}]},{"@type":"ImageObject","inLanguage":"en-US","@id":"https:\/\/promis.qc.ca\/en\/activities-calendar\/le-droit-de-la-famille-2026-03\/#primaryimage","url":"https:\/\/promis.qc.ca\/wp-content\/uploads\/2026\/01\/activites-janvier26-droit-de-la-famille.jpg","contentUrl":"https:\/\/promis.qc.ca\/wp-content\/uploads\/2026\/01\/activites-janvier26-droit-de-la-famille.jpg","width":1080,"height":1080},{"@type":"BreadcrumbList","@id":"https:\/\/promis.qc.ca\/en\/activities-calendar\/le-droit-de-la-famille-2026-03\/#breadcrumb","itemListElement":[{"@type":"ListItem","position":1,"name":"Home","item":"https:\/\/promis.qc.ca\/en\/"},{"@type":"ListItem","position":2,"name":"Le droit de la famille"}]},{"@type":"WebSite","@id":"https:\/\/promis.qc.ca\/en\/#website","url":"https:\/\/promis.qc.ca\/en\/","name":"PROMIS","description":"Assistance for immigrants and refugees in Montreal","publisher":{"@id":"https:\/\/promis.qc.ca\/en\/#organization"},"potentialAction":[{"@type":"SearchAction","target":{"@type":"EntryPoint","urlTemplate":"https:\/\/promis.qc.ca\/en\/?s={search_term_string}"},"query-input":{"@type":"PropertyValueSpecification","valueRequired":true,"valueName":"search_term_string"}}],"inLanguage":"en-US"},{"@type":"Organization","@id":"https:\/\/promis.qc.ca\/en\/#organization","name":"Promis","url":"https:\/\/promis.qc.ca\/en\/","logo":{"@type":"ImageObject","inLanguage":"en-US","@id":"https:\/\/promis.qc.ca\/en\/#\/schema\/logo\/image\/","url":"https:\/\/promis.qc.ca\/wp-content\/uploads\/2024\/12\/anim-accueil-v2-3.svg","contentUrl":"https:\/\/promis.qc.ca\/wp-content\/uploads\/2024\/12\/anim-accueil-v2-3.svg","width":1,"height":1,"caption":"Promis"},"image":{"@id":"https:\/\/promis.qc.ca\/en\/#\/schema\/logo\/image\/"},"sameAs":["https:\/\/www.facebook.com\/promisimmigration"]}]}},"_links":{"self":[{"href":"https:\/\/promis.qc.ca\/en\/wp-json\/wp\/v2\/mec-events\/5224","targetHints":{"allow":["GET"]}}],"collection":[{"href":"https:\/\/promis.qc.ca\/en\/wp-json\/wp\/v2\/mec-events"}],"about":[{"href":"https:\/\/promis.qc.ca\/en\/wp-json\/wp\/v2\/types\/mec-events"}],"author":[{"embeddable":true,"href":"https:\/\/promis.qc.ca\/en\/wp-json\/wp\/v2\/users\/3"}],"replies":[{"embeddable":true,"href":"https:\/\/promis.qc.ca\/en\/wp-json\/wp\/v2\/comments?post=5224"}],"wp:featuredmedia":[{"embeddable":true,"href":"https:\/\/promis.qc.ca\/en\/wp-json\/wp\/v2\/media\/5093"}],"wp:attachment":[{"href":"https:\/\/promis.qc.ca\/en\/wp-json\/wp\/v2\/media?parent=5224"}],"wp:term":[{"taxonomy":"post_tag","embeddable":true,"href":"https:\/\/promis.qc.ca\/en\/wp-json\/wp\/v2\/tags?post=5224"},{"taxonomy":"mec_category","embeddable":true,"href":"https:\/\/promis.qc.ca\/en\/wp-json\/wp\/v2\/mec_category?post=5224"}],"curies":[{"name":"wp","href":"https:\/\/api.w.org\/{rel}","templated":true}]}}

<p><strong>Vendredi le 27 mars, de 14 h à 16 h</strong></p>
<p>Découvrez les multiples visages du droit et de la famille au Québec</p>
<p>Le droit québécois reconnaît aujourd’hui quatre statuts conjugaux: mariage, union civile, union parentale et union de fait, chacun porteur de droits, d’obligations et de protections distinctes. Cette diversité témoigne d’une volonté d’allier liberté de choix et sécurité juridique pour tous les couples.</p>
<p>Nous explorerons également les devoirs mutuels des conjoints (fidélité, assistance, cohabitation) et les mécanismes de protection économique, comme le patrimoine familial ou la résidence commune. Vous verrez comment le régime matrimonial choisi influence la gestion et le partage des biens.</p>
<p>Des cas concrets viendront illustrer ces notions : la vente d’une maison sans le consentement du conjoint, la séparation d’un couple en union de fait avec enfants, ou encore les obligations alimentaires dans les familles recomposées.</p>
<p>Une conférence incontournable pour comprendre comment le droit encadre, protège et soutient les familles québécoises d’aujourd’hui !</p>
<p>Animateur ou conférencier : Marie Dusseault et Livia Laroche, Étudiantes de première année en droit à l’Université de Montréal.</p>
<p>Personne contact : Vanessa Mae Guerrero</p>
<p><strong>3333 Chemin de la Côte-Sainte-Catherine Montréal, QC H3T 1C8</strong></p>
<p><i>Pour participer, <a class="btn btn-secondary" href="https://calendly.com/vanessa-guerrero-promis/le-droit-de-la-famille" target="_blank" rel="noopener">cliquez ici.</a></i></p>

<p>Vendredi le 27 mars, de 14 h à 16 h Découvrez les multiples visages du droit et de la famille au Québec Le droit québécois reconnaît aujourd’hui quatre statuts conjugaux: mariage, union civile, union parentale et union de fait, chacun porteur de droits, d’obligations et de protections distinctes. Cette diversité témoigne d’une volonté d’allier liberté [&hellip;]</p>

<!-- This site is optimized with the Yoast SEO plugin v24.6 - https://yoast.com/wordpress/plugins/seo/ -->
<title>Le droit de la famille | PROMIS</title>
<meta name="robots" content="index, follow, max-snippet:-1, max-image-preview:large, max-video-preview:-1" />
<link rel="canonical" href="https://promis.qc.ca/en/activities-calendar/le-droit-de-la-famille-2026-03/" />
<meta property="og:locale" content="en_US" />
<meta property="og:type" content="article" />
<meta property="og:title" content="Le droit de la famille | PROMIS" />
<meta property="og:description" content="Vendredi le 27 mars, de 14 h à 16 h Découvrez les multiples visages du droit et de la famille au Québec Le droit québécois reconnaît aujourd’hui quatre statuts conjugaux: mariage, union civile, union parentale et union de fait, chacun porteur de droits, d’obligations et de protections distinctes. Cette diversité témoigne d’une volonté d’allier liberté [&hellip;]" />
<meta property="og:url" content="https://promis.qc.ca/en/activities-calendar/le-droit-de-la-famille-2026-03/" />
<meta property="og:site_name" content="PROMIS" />
<meta property="article:publisher" content="https://www.facebook.com/promisimmigration" />
<meta property="og:image" content="https://promis.qc.ca/wp-content/uploads/2024/12/sintegrer-pour-rester-lorem-ipsum-dolor-sit-amet-consectetur-adipiscing-elit-quisque-laoreet-scelerisque-porttitor-vestibulum-metus-leo-aliquet-vitae-nisi-non-sodales-sodales-ipsum-sintegr.jpg" />
	<meta property="og:image:width" content="1600" />
	<meta property="og:image:height" content="675" />
	<meta property="og:image:type" content="image/jpeg" />
<meta name="twitter:card" content="summary_large_image" />
<meta name="twitter:label1" content="Est. reading time" />
	<meta name="twitter:data1" content="1 minute" />
<script type="application/ld+json" class="yoast-schema-graph">{"@context":"https://schema.org","@graph":[{"@type":"WebPage","@id":"https://promis.qc.ca/en/activities-calendar/le-droit-de-la-famille-2026-03/","url":"https://promis.qc.ca/en/activities-calendar/le-droit-de-la-famille-2026-03/","name":"Le droit de la famille | PROMIS","isPartOf":{"@id":"https://promis.qc.ca/en/#website"},"primaryImageOfPage":{"@id":"https://promis.qc.ca/en/activities-calendar/le-droit-de-la-famille-2026-03/#primaryimage"},"image":{"@id":"https://promis.qc.ca/en/activities-calendar/le-droit-de-la-famille-2026-03/#primaryimage"},"thumbnailUrl":"https://promis.qc.ca/wp-content/uploads/2026/01/activites-janvier26-droit-de-la-famille.jpg","datePublished":"2026-03-04T19:08:46+00:00","breadcrumb":{"@id":"https://promis.qc.ca/en/activities-calendar/le-droit-de-la-famille-2026-03/#breadcrumb"},"inLanguage":"en-US","potentialAction":[{"@type":"ReadAction","target":["https://promis.qc.ca/en/activities-calendar/le-droit-de-la-famille-2026-03/"]}]},{"@type":"ImageObject","inLanguage":"en-US","@id":"https://promis.qc.ca/en/activities-calendar/le-droit-de-la-famille-2026-03/#primaryimage","url":"https://promis.qc.ca/wp-content/uploads/2026/01/activites-janvier26-droit-de-la-famille.jpg","contentUrl":"https://promis.qc.ca/wp-content/uploads/2026/01/activites-janvier26-droit-de-la-famille.jpg","width":1080,"height":1080},{"@type":"BreadcrumbList","@id":"https://promis.qc.ca/en/activities-calendar/le-droit-de-la-famille-2026-03/#breadcrumb","itemListElement":[{"@type":"ListItem","position":1,"name":"Home","item":"https://promis.qc.ca/en/"},{"@type":"ListItem","position":2,"name":"Le droit de la famille"}]},{"@type":"WebSite","@id":"https://promis.qc.ca/en/#website","url":"https://promis.qc.ca/en/","name":"PROMIS","description":"Assistance for immigrants and refugees in Montreal","publisher":{"@id":"https://promis.qc.ca/en/#organization"},"potentialAction":[{"@type":"SearchAction","target":{"@type":"EntryPoint","urlTemplate":"https://promis.qc.ca/en/?s={search_term_string}"},"query-input":{"@type":"PropertyValueSpecification","valueRequired":true,"valueName":"search_term_string"}}],"inLanguage":"en-US"},{"@type":"Organization","@id":"https://promis.qc.ca/en/#organization","name":"Promis","url":"https://promis.qc.ca/en/","logo":{"@type":"ImageObject","inLanguage":"en-US","@id":"https://promis.qc.ca/en/#/schema/logo/image/","url":"https://promis.qc.ca/wp-content/uploads/2024/12/anim-accueil-v2-3.svg","contentUrl":"https://promis.qc.ca/wp-content/uploads/2024/12/anim-accueil-v2-3.svg","width":1,"height":1,"caption":"Promis"},"image":{"@id":"https://promis.qc.ca/en/#/schema/logo/image/"},"sameAs":["https://www.facebook.com/promisimmigration"]}]}</script>
<!-- / Yoast SEO plugin. -->

Vendredi le 27 mars, de 14 h à 16 h Découvrez les multiples visages du droit et de la famille au Québec Le droit québécois reconnaît aujourd’hui quatre statuts conjugaux: mariage, union civile, union parentale et union de fait, chacun porteur de droits, d’obligations et de protections distinctes. Cette diversité témoigne d’une volonté d’allier liberté [&hellip;]
