{"id":5229,"date":"2026-03-04T14:01:26","date_gmt":"2026-03-04T19:01:26","guid":{"rendered":"https:\/\/promis.qc.ca\/calendrier-des-activites\/vers-la-residence-permanente\/"},"modified":"2026-03-04T14:01:26","modified_gmt":"2026-03-04T19:01:26","slug":"vers-la-residence-permanente","status":"publish","type":"mec-events","link":"https:\/\/promis.qc.ca\/en\/activities-calendar\/vers-la-residence-permanente\/","title":{"rendered":"Vers la r\u00e9sidence permanente"},"content":{"rendered":"<p><strong>Jeudi le 26 mars, de 14 h \u00e0 16 h<\/strong><\/p>\n<p>Comprendre la r\u00e9sidence permanente et le programme des travailleurs \u00e9trangers temporaires (PTET)<\/p>\n<p>Cet atelier vise \u00e0 vulgariser l\u2019information juridique concernant la r\u00e9sidence permanente ainsi que le statut de travailleur \u00e9tranger temporaire au Qu\u00e9bec. Les participants pourront en apprendre davantage sur les crit\u00e8res d\u2019admission aux programmes, les documents \u00e0 fournir, ainsi que sur leurs droits et devoirs une fois le statut obtenu.<\/p>\n<p>Conf\u00e9renciers : \u00c9tudiants Pro Bono du Canada \u2014 Section Universit\u00e9 de Montr\u00e9al<\/p>\n<p><strong>En ligne et accessible depuis nos locaux.<\/strong><\/p>\n<p>3333, chemin de la C\u00f4te Sainte-Catherine<br \/>\nMontr\u00e9al (Qu\u00e9bec) H3T 1C8<\/p>\n<p><i>Pour participer, <a class=\"btn btn-secondary\" href=\"https:\/\/calendly.com\/vanessa-guerrero-promis\/vers-la-residence-permanente\" target=\"_blank\" rel=\"noopener\">cliquez ici.<\/a><\/i><\/p>","protected":false},"excerpt":{"rendered":"<p>Jeudi le 26 mars, de 14 h \u00e0 16 h Comprendre la r\u00e9sidence permanente et le programme des travailleurs \u00e9trangers temporaires (PTET) Cet atelier vise \u00e0 vulgariser l\u2019information juridique concernant la r\u00e9sidence permanente ainsi que le statut de travailleur \u00e9tranger temporaire au Qu\u00e9bec. Les participants pourront en apprendre davantage sur les crit\u00e8res d\u2019admission aux programmes, [&hellip;]<\/p>\n","protected":false},"author":3,"featured_media":5222,"comment_status":"closed","ping_status":"closed","template":"","tags":[],"mec_category":[64,68],"class_list":["post-5229","mec-events","type-mec-events","status-publish","has-post-thumbnail","hentry","mec_category-welcome-and-integration","mec_category-workshop"],"acf":[],"yoast_head":"<!-- This site is optimized with the Yoast SEO plugin v24.6 - https:\/\/yoast.com\/wordpress\/plugins\/seo\/ -->\n<title>Vers la r\u00e9sidence permanente | PROMIS<\/title>\n<meta name=\"robots\" content=\"index, follow, max-snippet:-1, max-image-preview:large, max-video-preview:-1\" \/>\n<link rel=\"canonical\" href=\"https:\/\/promis.qc.ca\/en\/activities-calendar\/vers-la-residence-permanente\/\" \/>\n<meta property=\"og:locale\" content=\"en_US\" \/>\n<meta property=\"og:type\" content=\"article\" \/>\n<meta property=\"og:title\" content=\"Vers la r\u00e9sidence permanente | PROMIS\" \/>\n<meta property=\"og:description\" content=\"Jeudi le 26 mars, de 14 h \u00e0 16 h Comprendre la r\u00e9sidence permanente et le programme des travailleurs \u00e9trangers temporaires (PTET) Cet atelier vise \u00e0 vulgariser l\u2019information juridique concernant la r\u00e9sidence permanente ainsi que le statut de travailleur \u00e9tranger temporaire au Qu\u00e9bec. Les participants pourront en apprendre davantage sur les crit\u00e8res d\u2019admission aux programmes, [&hellip;]\" \/>\n<meta property=\"og:url\" content=\"https:\/\/promis.qc.ca\/en\/activities-calendar\/vers-la-residence-permanente\/\" \/>\n<meta property=\"og:site_name\" content=\"PROMIS\" \/>\n<meta property=\"article:publisher\" content=\"https:\/\/www.facebook.com\/promisimmigration\" \/>\n<meta property=\"og:image\" content=\"https:\/\/promis.qc.ca\/wp-content\/uploads\/2024\/12\/sintegrer-pour-rester-lorem-ipsum-dolor-sit-amet-consectetur-adipiscing-elit-quisque-laoreet-scelerisque-porttitor-vestibulum-metus-leo-aliquet-vitae-nisi-non-sodales-sodales-ipsum-sintegr.jpg\" \/>\n\t<meta property=\"og:image:width\" content=\"1600\" \/>\n\t<meta property=\"og:image:height\" content=\"675\" \/>\n\t<meta property=\"og:image:type\" content=\"image\/jpeg\" \/>\n<meta name=\"twitter:card\" content=\"summary_large_image\" \/>\n<meta name=\"twitter:label1\" content=\"Est. reading time\" \/>\n\t<meta name=\"twitter:data1\" content=\"1 minute\" \/>\n<script type=\"application\/ld+json\" class=\"yoast-schema-graph\">{\"@context\":\"https:\/\/schema.org\",\"@graph\":[{\"@type\":\"WebPage\",\"@id\":\"https:\/\/promis.qc.ca\/en\/activities-calendar\/vers-la-residence-permanente\/\",\"url\":\"https:\/\/promis.qc.ca\/en\/activities-calendar\/vers-la-residence-permanente\/\",\"name\":\"Vers la r\u00e9sidence permanente | PROMIS\",\"isPartOf\":{\"@id\":\"https:\/\/promis.qc.ca\/en\/#website\"},\"primaryImageOfPage\":{\"@id\":\"https:\/\/promis.qc.ca\/en\/activities-calendar\/vers-la-residence-permanente\/#primaryimage\"},\"image\":{\"@id\":\"https:\/\/promis.qc.ca\/en\/activities-calendar\/vers-la-residence-permanente\/#primaryimage\"},\"thumbnailUrl\":\"https:\/\/promis.qc.ca\/wp-content\/uploads\/2026\/03\/4-activites-residence-permanente.jpg\",\"datePublished\":\"2026-03-04T19:01:26+00:00\",\"breadcrumb\":{\"@id\":\"https:\/\/promis.qc.ca\/en\/activities-calendar\/vers-la-residence-permanente\/#breadcrumb\"},\"inLanguage\":\"en-US\",\"potentialAction\":[{\"@type\":\"ReadAction\",\"target\":[\"https:\/\/promis.qc.ca\/en\/activities-calendar\/vers-la-residence-permanente\/\"]}]},{\"@type\":\"ImageObject\",\"inLanguage\":\"en-US\",\"@id\":\"https:\/\/promis.qc.ca\/en\/activities-calendar\/vers-la-residence-permanente\/#primaryimage\",\"url\":\"https:\/\/promis.qc.ca\/wp-content\/uploads\/2026\/03\/4-activites-residence-permanente.jpg\",\"contentUrl\":\"https:\/\/promis.qc.ca\/wp-content\/uploads\/2026\/03\/4-activites-residence-permanente.jpg\",\"width\":600,\"height\":600},{\"@type\":\"BreadcrumbList\",\"@id\":\"https:\/\/promis.qc.ca\/en\/activities-calendar\/vers-la-residence-permanente\/#breadcrumb\",\"itemListElement\":[{\"@type\":\"ListItem\",\"position\":1,\"name\":\"Home\",\"item\":\"https:\/\/promis.qc.ca\/en\/\"},{\"@type\":\"ListItem\",\"position\":2,\"name\":\"Vers la r\u00e9sidence permanente\"}]},{\"@type\":\"WebSite\",\"@id\":\"https:\/\/promis.qc.ca\/en\/#website\",\"url\":\"https:\/\/promis.qc.ca\/en\/\",\"name\":\"PROMIS\",\"description\":\"Assistance for immigrants and refugees in Montreal\",\"publisher\":{\"@id\":\"https:\/\/promis.qc.ca\/en\/#organization\"},\"potentialAction\":[{\"@type\":\"SearchAction\",\"target\":{\"@type\":\"EntryPoint\",\"urlTemplate\":\"https:\/\/promis.qc.ca\/en\/?s={search_term_string}\"},\"query-input\":{\"@type\":\"PropertyValueSpecification\",\"valueRequired\":true,\"valueName\":\"search_term_string\"}}],\"inLanguage\":\"en-US\"},{\"@type\":\"Organization\",\"@id\":\"https:\/\/promis.qc.ca\/en\/#organization\",\"name\":\"Promis\",\"url\":\"https:\/\/promis.qc.ca\/en\/\",\"logo\":{\"@type\":\"ImageObject\",\"inLanguage\":\"en-US\",\"@id\":\"https:\/\/promis.qc.ca\/en\/#\/schema\/logo\/image\/\",\"url\":\"https:\/\/promis.qc.ca\/wp-content\/uploads\/2024\/12\/anim-accueil-v2-3.svg\",\"contentUrl\":\"https:\/\/promis.qc.ca\/wp-content\/uploads\/2024\/12\/anim-accueil-v2-3.svg\",\"width\":1,\"height\":1,\"caption\":\"Promis\"},\"image\":{\"@id\":\"https:\/\/promis.qc.ca\/en\/#\/schema\/logo\/image\/\"},\"sameAs\":[\"https:\/\/www.facebook.com\/promisimmigration\"]}]}<\/script>\n<!-- \/ Yoast SEO plugin. -->","yoast_head_json":{"title":"Vers la r\u00e9sidence permanente | PROMIS","robots":{"index":"index","follow":"follow","max-snippet":"max-snippet:-1","max-image-preview":"max-image-preview:large","max-video-preview":"max-video-preview:-1"},"canonical":"https:\/\/promis.qc.ca\/en\/activities-calendar\/vers-la-residence-permanente\/","og_locale":"en_US","og_type":"article","og_title":"Vers la r\u00e9sidence permanente | PROMIS","og_description":"Jeudi le 26 mars, de 14 h \u00e0 16 h Comprendre la r\u00e9sidence permanente et le programme des travailleurs \u00e9trangers temporaires (PTET) Cet atelier vise \u00e0 vulgariser l\u2019information juridique concernant la r\u00e9sidence permanente ainsi que le statut de travailleur \u00e9tranger temporaire au Qu\u00e9bec. Les participants pourront en apprendre davantage sur les crit\u00e8res d\u2019admission aux programmes, [&hellip;]","og_url":"https:\/\/promis.qc.ca\/en\/activities-calendar\/vers-la-residence-permanente\/","og_site_name":"PROMIS","article_publisher":"https:\/\/www.facebook.com\/promisimmigration","og_image":[{"width":1600,"height":675,"url":"https:\/\/promis.qc.ca\/wp-content\/uploads\/2024\/12\/sintegrer-pour-rester-lorem-ipsum-dolor-sit-amet-consectetur-adipiscing-elit-quisque-laoreet-scelerisque-porttitor-vestibulum-metus-leo-aliquet-vitae-nisi-non-sodales-sodales-ipsum-sintegr.jpg","type":"image\/jpeg"}],"twitter_card":"summary_large_image","twitter_misc":{"Est. reading time":"1 minute"},"schema":{"@context":"https:\/\/schema.org","@graph":[{"@type":"WebPage","@id":"https:\/\/promis.qc.ca\/en\/activities-calendar\/vers-la-residence-permanente\/","url":"https:\/\/promis.qc.ca\/en\/activities-calendar\/vers-la-residence-permanente\/","name":"Vers la r\u00e9sidence permanente | PROMIS","isPartOf":{"@id":"https:\/\/promis.qc.ca\/en\/#website"},"primaryImageOfPage":{"@id":"https:\/\/promis.qc.ca\/en\/activities-calendar\/vers-la-residence-permanente\/#primaryimage"},"image":{"@id":"https:\/\/promis.qc.ca\/en\/activities-calendar\/vers-la-residence-permanente\/#primaryimage"},"thumbnailUrl":"https:\/\/promis.qc.ca\/wp-content\/uploads\/2026\/03\/4-activites-residence-permanente.jpg","datePublished":"2026-03-04T19:01:26+00:00","breadcrumb":{"@id":"https:\/\/promis.qc.ca\/en\/activities-calendar\/vers-la-residence-permanente\/#breadcrumb"},"inLanguage":"en-US","potentialAction":[{"@type":"ReadAction","target":["https:\/\/promis.qc.ca\/en\/activities-calendar\/vers-la-residence-permanente\/"]}]},{"@type":"ImageObject","inLanguage":"en-US","@id":"https:\/\/promis.qc.ca\/en\/activities-calendar\/vers-la-residence-permanente\/#primaryimage","url":"https:\/\/promis.qc.ca\/wp-content\/uploads\/2026\/03\/4-activites-residence-permanente.jpg","contentUrl":"https:\/\/promis.qc.ca\/wp-content\/uploads\/2026\/03\/4-activites-residence-permanente.jpg","width":600,"height":600},{"@type":"BreadcrumbList","@id":"https:\/\/promis.qc.ca\/en\/activities-calendar\/vers-la-residence-permanente\/#breadcrumb","itemListElement":[{"@type":"ListItem","position":1,"name":"Home","item":"https:\/\/promis.qc.ca\/en\/"},{"@type":"ListItem","position":2,"name":"Vers la r\u00e9sidence permanente"}]},{"@type":"WebSite","@id":"https:\/\/promis.qc.ca\/en\/#website","url":"https:\/\/promis.qc.ca\/en\/","name":"PROMIS","description":"Assistance for immigrants and refugees in Montreal","publisher":{"@id":"https:\/\/promis.qc.ca\/en\/#organization"},"potentialAction":[{"@type":"SearchAction","target":{"@type":"EntryPoint","urlTemplate":"https:\/\/promis.qc.ca\/en\/?s={search_term_string}"},"query-input":{"@type":"PropertyValueSpecification","valueRequired":true,"valueName":"search_term_string"}}],"inLanguage":"en-US"},{"@type":"Organization","@id":"https:\/\/promis.qc.ca\/en\/#organization","name":"Promis","url":"https:\/\/promis.qc.ca\/en\/","logo":{"@type":"ImageObject","inLanguage":"en-US","@id":"https:\/\/promis.qc.ca\/en\/#\/schema\/logo\/image\/","url":"https:\/\/promis.qc.ca\/wp-content\/uploads\/2024\/12\/anim-accueil-v2-3.svg","contentUrl":"https:\/\/promis.qc.ca\/wp-content\/uploads\/2024\/12\/anim-accueil-v2-3.svg","width":1,"height":1,"caption":"Promis"},"image":{"@id":"https:\/\/promis.qc.ca\/en\/#\/schema\/logo\/image\/"},"sameAs":["https:\/\/www.facebook.com\/promisimmigration"]}]}},"_links":{"self":[{"href":"https:\/\/promis.qc.ca\/en\/wp-json\/wp\/v2\/mec-events\/5229","targetHints":{"allow":["GET"]}}],"collection":[{"href":"https:\/\/promis.qc.ca\/en\/wp-json\/wp\/v2\/mec-events"}],"about":[{"href":"https:\/\/promis.qc.ca\/en\/wp-json\/wp\/v2\/types\/mec-events"}],"author":[{"embeddable":true,"href":"https:\/\/promis.qc.ca\/en\/wp-json\/wp\/v2\/users\/3"}],"replies":[{"embeddable":true,"href":"https:\/\/promis.qc.ca\/en\/wp-json\/wp\/v2\/comments?post=5229"}],"wp:featuredmedia":[{"embeddable":true,"href":"https:\/\/promis.qc.ca\/en\/wp-json\/wp\/v2\/media\/5222"}],"wp:attachment":[{"href":"https:\/\/promis.qc.ca\/en\/wp-json\/wp\/v2\/media?parent=5229"}],"wp:term":[{"taxonomy":"post_tag","embeddable":true,"href":"https:\/\/promis.qc.ca\/en\/wp-json\/wp\/v2\/tags?post=5229"},{"taxonomy":"mec_category","embeddable":true,"href":"https:\/\/promis.qc.ca\/en\/wp-json\/wp\/v2\/mec_category?post=5229"}],"curies":[{"name":"wp","href":"https:\/\/api.w.org\/{rel}","templated":true}]}}

Vers la résidence permanente

<p><strong>Jeudi le 26 mars, de 14 h à 16 h</strong></p>
<p>Comprendre la résidence permanente et le programme des travailleurs étrangers temporaires (PTET)</p>
<p>Cet atelier vise à vulgariser l’information juridique concernant la résidence permanente ainsi que le statut de travailleur étranger temporaire au Québec. Les participants pourront en apprendre davantage sur les critères d’admission aux programmes, les documents à fournir, ainsi que sur leurs droits et devoirs une fois le statut obtenu.</p>
<p>Conférenciers : Étudiants Pro Bono du Canada — Section Université de Montréal</p>
<p><strong>En ligne et accessible depuis nos locaux.</strong></p>
<p>3333, chemin de la Côte Sainte-Catherine<br />
Montréal (Québec) H3T 1C8</p>
<p><i>Pour participer, <a class="btn btn-secondary" href="https://calendly.com/vanessa-guerrero-promis/vers-la-residence-permanente" target="_blank" rel="noopener">cliquez ici.</a></i></p>

<p>Jeudi le 26 mars, de 14 h à 16 h Comprendre la résidence permanente et le programme des travailleurs étrangers temporaires (PTET) Cet atelier vise à vulgariser l’information juridique concernant la résidence permanente ainsi que le statut de travailleur étranger temporaire au Québec. Les participants pourront en apprendre davantage sur les critères d’admission aux programmes, [&hellip;]</p>

<!-- This site is optimized with the Yoast SEO plugin v24.6 - https://yoast.com/wordpress/plugins/seo/ -->
<title>Vers la résidence permanente | PROMIS</title>
<meta name="robots" content="index, follow, max-snippet:-1, max-image-preview:large, max-video-preview:-1" />
<link rel="canonical" href="https://promis.qc.ca/en/activities-calendar/vers-la-residence-permanente/" />
<meta property="og:locale" content="en_US" />
<meta property="og:type" content="article" />
<meta property="og:title" content="Vers la résidence permanente | PROMIS" />
<meta property="og:description" content="Jeudi le 26 mars, de 14 h à 16 h Comprendre la résidence permanente et le programme des travailleurs étrangers temporaires (PTET) Cet atelier vise à vulgariser l’information juridique concernant la résidence permanente ainsi que le statut de travailleur étranger temporaire au Québec. Les participants pourront en apprendre davantage sur les critères d’admission aux programmes, [&hellip;]" />
<meta property="og:url" content="https://promis.qc.ca/en/activities-calendar/vers-la-residence-permanente/" />
<meta property="og:site_name" content="PROMIS" />
<meta property="article:publisher" content="https://www.facebook.com/promisimmigration" />
<meta property="og:image" content="https://promis.qc.ca/wp-content/uploads/2024/12/sintegrer-pour-rester-lorem-ipsum-dolor-sit-amet-consectetur-adipiscing-elit-quisque-laoreet-scelerisque-porttitor-vestibulum-metus-leo-aliquet-vitae-nisi-non-sodales-sodales-ipsum-sintegr.jpg" />
	<meta property="og:image:width" content="1600" />
	<meta property="og:image:height" content="675" />
	<meta property="og:image:type" content="image/jpeg" />
<meta name="twitter:card" content="summary_large_image" />
<meta name="twitter:label1" content="Est. reading time" />
	<meta name="twitter:data1" content="1 minute" />
<script type="application/ld+json" class="yoast-schema-graph">{"@context":"https://schema.org","@graph":[{"@type":"WebPage","@id":"https://promis.qc.ca/en/activities-calendar/vers-la-residence-permanente/","url":"https://promis.qc.ca/en/activities-calendar/vers-la-residence-permanente/","name":"Vers la résidence permanente | PROMIS","isPartOf":{"@id":"https://promis.qc.ca/en/#website"},"primaryImageOfPage":{"@id":"https://promis.qc.ca/en/activities-calendar/vers-la-residence-permanente/#primaryimage"},"image":{"@id":"https://promis.qc.ca/en/activities-calendar/vers-la-residence-permanente/#primaryimage"},"thumbnailUrl":"https://promis.qc.ca/wp-content/uploads/2026/03/4-activites-residence-permanente.jpg","datePublished":"2026-03-04T19:01:26+00:00","breadcrumb":{"@id":"https://promis.qc.ca/en/activities-calendar/vers-la-residence-permanente/#breadcrumb"},"inLanguage":"en-US","potentialAction":[{"@type":"ReadAction","target":["https://promis.qc.ca/en/activities-calendar/vers-la-residence-permanente/"]}]},{"@type":"ImageObject","inLanguage":"en-US","@id":"https://promis.qc.ca/en/activities-calendar/vers-la-residence-permanente/#primaryimage","url":"https://promis.qc.ca/wp-content/uploads/2026/03/4-activites-residence-permanente.jpg","contentUrl":"https://promis.qc.ca/wp-content/uploads/2026/03/4-activites-residence-permanente.jpg","width":600,"height":600},{"@type":"BreadcrumbList","@id":"https://promis.qc.ca/en/activities-calendar/vers-la-residence-permanente/#breadcrumb","itemListElement":[{"@type":"ListItem","position":1,"name":"Home","item":"https://promis.qc.ca/en/"},{"@type":"ListItem","position":2,"name":"Vers la résidence permanente"}]},{"@type":"WebSite","@id":"https://promis.qc.ca/en/#website","url":"https://promis.qc.ca/en/","name":"PROMIS","description":"Assistance for immigrants and refugees in Montreal","publisher":{"@id":"https://promis.qc.ca/en/#organization"},"potentialAction":[{"@type":"SearchAction","target":{"@type":"EntryPoint","urlTemplate":"https://promis.qc.ca/en/?s={search_term_string}"},"query-input":{"@type":"PropertyValueSpecification","valueRequired":true,"valueName":"search_term_string"}}],"inLanguage":"en-US"},{"@type":"Organization","@id":"https://promis.qc.ca/en/#organization","name":"Promis","url":"https://promis.qc.ca/en/","logo":{"@type":"ImageObject","inLanguage":"en-US","@id":"https://promis.qc.ca/en/#/schema/logo/image/","url":"https://promis.qc.ca/wp-content/uploads/2024/12/anim-accueil-v2-3.svg","contentUrl":"https://promis.qc.ca/wp-content/uploads/2024/12/anim-accueil-v2-3.svg","width":1,"height":1,"caption":"Promis"},"image":{"@id":"https://promis.qc.ca/en/#/schema/logo/image/"},"sameAs":["https://www.facebook.com/promisimmigration"]}]}</script>
<!-- / Yoast SEO plugin. -->

Vers la résidence permanente | PROMIS

Jeudi le 26 mars, de 14 h à 16 h Comprendre la résidence permanente et le programme des travailleurs étrangers temporaires (PTET) Cet atelier vise à vulgariser l’information juridique concernant la résidence permanente ainsi que le statut de travailleur étranger temporaire au Québec. Les participants pourront en apprendre davantage sur les critères d’admission aux programmes, [&hellip;]
