{"id":5343,"date":"2026-04-30T16:49:57","date_gmt":"2026-04-30T20:49:57","guid":{"rendered":"https:\/\/promis.qc.ca\/calendrier-des-activites\/loi-de-la-protection-de-la-jeunesse-et-dpj-2e-partie\/"},"modified":"2026-04-30T16:49:57","modified_gmt":"2026-04-30T20:49:57","slug":"loi-de-la-protection-de-la-jeunesse-et-dpj-2e-partie","status":"publish","type":"mec-events","link":"https:\/\/promis.qc.ca\/en\/activities-calendar\/loi-de-la-protection-de-la-jeunesse-et-dpj-2e-partie\/","title":{"rendered":"Loi de la protection de la jeunesse et DPJ &#8211; 2e partie"},"content":{"rendered":"<p><strong>Mardi le 19 mai, de 14 h \u00e0 16 h<\/strong><\/p>\n<p><em>(Cette conf\u00e9rence est la suite d&#8217;une premi\u00e8re conf\u00e9rence tenue en avril)<\/em><\/p>\n<p>Lors de cette pr\u00e9sentation, il sera question de la Loi de la protection de la jeunesse du Qu\u00e9bec et du fonctionnement de la Direction de la protection de la jeunesse (DPJ). La DPJ est l&#8217;organisation qui applique cette loi (services, programmes, interventions).<\/p>\n<p><strong>Conf\u00e9renci\u00e8re :<\/strong><br \/>\nMme Tara Mabrouk<br \/>\nAgente de Relation Humaine<br \/>\n(Ma\u00eetrise Sc. en psychologie clinique et psychopathologie, et \u00e0 OTSTCFQ)<br \/>\nDirection de la Protection de la Jeunesse, Montr\u00e9al (DPJ)<\/p>\n<p>Personne-ressource : Vanessa Mae Guerrero<\/p>\n<p><strong>3333, Chemin de la C\u00f4te-Sainte-Catherine Montr\u00e9al (QC) H3T 1C8<\/strong><\/p>\n<p><i>Pour participer, <a class=\"btn btn-secondary\" href=\"https:\/\/calendly.com\/vanessa-guerrero-promis\/la-loi-de-la-protection-de-la-jeunesse-et-la-dpj-2?month=2026-05\" target=\"_blank\" rel=\"noopener\">cliquez ici.<\/a><\/i><\/p>","protected":false},"excerpt":{"rendered":"<p>Mardi le 19 mai, de 14 h \u00e0 16 h (Cette conf\u00e9rence est la suite d&#8217;une premi\u00e8re conf\u00e9rence tenue en avril) Lors de cette pr\u00e9sentation, il sera question de la Loi de la protection de la jeunesse du Qu\u00e9bec et du fonctionnement de la Direction de la protection de la jeunesse (DPJ). La DPJ est [&hellip;]<\/p>\n","protected":false},"author":3,"featured_media":4636,"comment_status":"closed","ping_status":"closed","template":"","tags":[],"mec_category":[64,68],"class_list":["post-5343","mec-events","type-mec-events","status-publish","has-post-thumbnail","hentry","mec_category-welcome-and-integration","mec_category-workshop"],"acf":[],"yoast_head":"<!-- This site is optimized with the Yoast SEO plugin v24.6 - https:\/\/yoast.com\/wordpress\/plugins\/seo\/ -->\n<title>Loi de la protection de la jeunesse et DPJ - 2e partie | PROMIS<\/title>\n<meta name=\"robots\" content=\"index, follow, max-snippet:-1, max-image-preview:large, max-video-preview:-1\" \/>\n<link rel=\"canonical\" href=\"https:\/\/promis.qc.ca\/en\/activities-calendar\/loi-de-la-protection-de-la-jeunesse-et-dpj-2e-partie\/\" \/>\n<meta property=\"og:locale\" content=\"en_US\" \/>\n<meta property=\"og:type\" content=\"article\" \/>\n<meta property=\"og:title\" content=\"Loi de la protection de la jeunesse et DPJ - 2e partie | PROMIS\" \/>\n<meta property=\"og:description\" content=\"Mardi le 19 mai, de 14 h \u00e0 16 h (Cette conf\u00e9rence est la suite d&#8217;une premi\u00e8re conf\u00e9rence tenue en avril) Lors de cette pr\u00e9sentation, il sera question de la Loi de la protection de la jeunesse du Qu\u00e9bec et du fonctionnement de la Direction de la protection de la jeunesse (DPJ). La DPJ est [&hellip;]\" \/>\n<meta property=\"og:url\" content=\"https:\/\/promis.qc.ca\/en\/activities-calendar\/loi-de-la-protection-de-la-jeunesse-et-dpj-2e-partie\/\" \/>\n<meta property=\"og:site_name\" content=\"PROMIS\" \/>\n<meta property=\"article:publisher\" content=\"https:\/\/www.facebook.com\/promisimmigration\" \/>\n<meta property=\"og:image\" content=\"https:\/\/promis.qc.ca\/wp-content\/uploads\/2024\/12\/sintegrer-pour-rester-lorem-ipsum-dolor-sit-amet-consectetur-adipiscing-elit-quisque-laoreet-scelerisque-porttitor-vestibulum-metus-leo-aliquet-vitae-nisi-non-sodales-sodales-ipsum-sintegr.jpg\" \/>\n\t<meta property=\"og:image:width\" content=\"1600\" \/>\n\t<meta property=\"og:image:height\" content=\"675\" \/>\n\t<meta property=\"og:image:type\" content=\"image\/jpeg\" \/>\n<meta name=\"twitter:card\" content=\"summary_large_image\" \/>\n<meta name=\"twitter:label1\" content=\"Est. reading time\" \/>\n\t<meta name=\"twitter:data1\" content=\"1 minute\" \/>\n<script type=\"application\/ld+json\" class=\"yoast-schema-graph\">{\"@context\":\"https:\/\/schema.org\",\"@graph\":[{\"@type\":\"WebPage\",\"@id\":\"https:\/\/promis.qc.ca\/en\/activities-calendar\/loi-de-la-protection-de-la-jeunesse-et-dpj-2e-partie\/\",\"url\":\"https:\/\/promis.qc.ca\/en\/activities-calendar\/loi-de-la-protection-de-la-jeunesse-et-dpj-2e-partie\/\",\"name\":\"Loi de la protection de la jeunesse et DPJ - 2e partie | PROMIS\",\"isPartOf\":{\"@id\":\"https:\/\/promis.qc.ca\/en\/#website\"},\"primaryImageOfPage\":{\"@id\":\"https:\/\/promis.qc.ca\/en\/activities-calendar\/loi-de-la-protection-de-la-jeunesse-et-dpj-2e-partie\/#primaryimage\"},\"image\":{\"@id\":\"https:\/\/promis.qc.ca\/en\/activities-calendar\/loi-de-la-protection-de-la-jeunesse-et-dpj-2e-partie\/#primaryimage\"},\"thumbnailUrl\":\"https:\/\/promis.qc.ca\/wp-content\/uploads\/2025\/09\/dpj-parents-enfants-1x1-1.jpg\",\"datePublished\":\"2026-04-30T20:49:57+00:00\",\"breadcrumb\":{\"@id\":\"https:\/\/promis.qc.ca\/en\/activities-calendar\/loi-de-la-protection-de-la-jeunesse-et-dpj-2e-partie\/#breadcrumb\"},\"inLanguage\":\"en-US\",\"potentialAction\":[{\"@type\":\"ReadAction\",\"target\":[\"https:\/\/promis.qc.ca\/en\/activities-calendar\/loi-de-la-protection-de-la-jeunesse-et-dpj-2e-partie\/\"]}]},{\"@type\":\"ImageObject\",\"inLanguage\":\"en-US\",\"@id\":\"https:\/\/promis.qc.ca\/en\/activities-calendar\/loi-de-la-protection-de-la-jeunesse-et-dpj-2e-partie\/#primaryimage\",\"url\":\"https:\/\/promis.qc.ca\/wp-content\/uploads\/2025\/09\/dpj-parents-enfants-1x1-1.jpg\",\"contentUrl\":\"https:\/\/promis.qc.ca\/wp-content\/uploads\/2025\/09\/dpj-parents-enfants-1x1-1.jpg\",\"width\":600,\"height\":600,\"caption\":\"Love, care and mother and child holding hands in the city for safety, support and trust in Switzerland. Help, compassion and back of a kid and parent walking outdoors with guidance and affection.\"},{\"@type\":\"BreadcrumbList\",\"@id\":\"https:\/\/promis.qc.ca\/en\/activities-calendar\/loi-de-la-protection-de-la-jeunesse-et-dpj-2e-partie\/#breadcrumb\",\"itemListElement\":[{\"@type\":\"ListItem\",\"position\":1,\"name\":\"Home\",\"item\":\"https:\/\/promis.qc.ca\/en\/\"},{\"@type\":\"ListItem\",\"position\":2,\"name\":\"Loi de la protection de la jeunesse et DPJ &#8211; 2e partie\"}]},{\"@type\":\"WebSite\",\"@id\":\"https:\/\/promis.qc.ca\/en\/#website\",\"url\":\"https:\/\/promis.qc.ca\/en\/\",\"name\":\"PROMIS\",\"description\":\"Assistance for immigrants and refugees in Montreal\",\"publisher\":{\"@id\":\"https:\/\/promis.qc.ca\/en\/#organization\"},\"potentialAction\":[{\"@type\":\"SearchAction\",\"target\":{\"@type\":\"EntryPoint\",\"urlTemplate\":\"https:\/\/promis.qc.ca\/en\/?s={search_term_string}\"},\"query-input\":{\"@type\":\"PropertyValueSpecification\",\"valueRequired\":true,\"valueName\":\"search_term_string\"}}],\"inLanguage\":\"en-US\"},{\"@type\":\"Organization\",\"@id\":\"https:\/\/promis.qc.ca\/en\/#organization\",\"name\":\"Promis\",\"url\":\"https:\/\/promis.qc.ca\/en\/\",\"logo\":{\"@type\":\"ImageObject\",\"inLanguage\":\"en-US\",\"@id\":\"https:\/\/promis.qc.ca\/en\/#\/schema\/logo\/image\/\",\"url\":\"https:\/\/promis.qc.ca\/wp-content\/uploads\/2024\/12\/anim-accueil-v2-3.svg\",\"contentUrl\":\"https:\/\/promis.qc.ca\/wp-content\/uploads\/2024\/12\/anim-accueil-v2-3.svg\",\"width\":1,\"height\":1,\"caption\":\"Promis\"},\"image\":{\"@id\":\"https:\/\/promis.qc.ca\/en\/#\/schema\/logo\/image\/\"},\"sameAs\":[\"https:\/\/www.facebook.com\/promisimmigration\"]}]}<\/script>\n<!-- \/ Yoast SEO plugin. -->","yoast_head_json":{"title":"Loi de la protection de la jeunesse et DPJ - 2e partie | PROMIS","robots":{"index":"index","follow":"follow","max-snippet":"max-snippet:-1","max-image-preview":"max-image-preview:large","max-video-preview":"max-video-preview:-1"},"canonical":"https:\/\/promis.qc.ca\/en\/activities-calendar\/loi-de-la-protection-de-la-jeunesse-et-dpj-2e-partie\/","og_locale":"en_US","og_type":"article","og_title":"Loi de la protection de la jeunesse et DPJ - 2e partie | PROMIS","og_description":"Mardi le 19 mai, de 14 h \u00e0 16 h (Cette conf\u00e9rence est la suite d&#8217;une premi\u00e8re conf\u00e9rence tenue en avril) Lors de cette pr\u00e9sentation, il sera question de la Loi de la protection de la jeunesse du Qu\u00e9bec et du fonctionnement de la Direction de la protection de la jeunesse (DPJ). La DPJ est [&hellip;]","og_url":"https:\/\/promis.qc.ca\/en\/activities-calendar\/loi-de-la-protection-de-la-jeunesse-et-dpj-2e-partie\/","og_site_name":"PROMIS","article_publisher":"https:\/\/www.facebook.com\/promisimmigration","og_image":[{"width":1600,"height":675,"url":"https:\/\/promis.qc.ca\/wp-content\/uploads\/2024\/12\/sintegrer-pour-rester-lorem-ipsum-dolor-sit-amet-consectetur-adipiscing-elit-quisque-laoreet-scelerisque-porttitor-vestibulum-metus-leo-aliquet-vitae-nisi-non-sodales-sodales-ipsum-sintegr.jpg","type":"image\/jpeg"}],"twitter_card":"summary_large_image","twitter_misc":{"Est. reading time":"1 minute"},"schema":{"@context":"https:\/\/schema.org","@graph":[{"@type":"WebPage","@id":"https:\/\/promis.qc.ca\/en\/activities-calendar\/loi-de-la-protection-de-la-jeunesse-et-dpj-2e-partie\/","url":"https:\/\/promis.qc.ca\/en\/activities-calendar\/loi-de-la-protection-de-la-jeunesse-et-dpj-2e-partie\/","name":"Loi de la protection de la jeunesse et DPJ - 2e partie | PROMIS","isPartOf":{"@id":"https:\/\/promis.qc.ca\/en\/#website"},"primaryImageOfPage":{"@id":"https:\/\/promis.qc.ca\/en\/activities-calendar\/loi-de-la-protection-de-la-jeunesse-et-dpj-2e-partie\/#primaryimage"},"image":{"@id":"https:\/\/promis.qc.ca\/en\/activities-calendar\/loi-de-la-protection-de-la-jeunesse-et-dpj-2e-partie\/#primaryimage"},"thumbnailUrl":"https:\/\/promis.qc.ca\/wp-content\/uploads\/2025\/09\/dpj-parents-enfants-1x1-1.jpg","datePublished":"2026-04-30T20:49:57+00:00","breadcrumb":{"@id":"https:\/\/promis.qc.ca\/en\/activities-calendar\/loi-de-la-protection-de-la-jeunesse-et-dpj-2e-partie\/#breadcrumb"},"inLanguage":"en-US","potentialAction":[{"@type":"ReadAction","target":["https:\/\/promis.qc.ca\/en\/activities-calendar\/loi-de-la-protection-de-la-jeunesse-et-dpj-2e-partie\/"]}]},{"@type":"ImageObject","inLanguage":"en-US","@id":"https:\/\/promis.qc.ca\/en\/activities-calendar\/loi-de-la-protection-de-la-jeunesse-et-dpj-2e-partie\/#primaryimage","url":"https:\/\/promis.qc.ca\/wp-content\/uploads\/2025\/09\/dpj-parents-enfants-1x1-1.jpg","contentUrl":"https:\/\/promis.qc.ca\/wp-content\/uploads\/2025\/09\/dpj-parents-enfants-1x1-1.jpg","width":600,"height":600,"caption":"Love, care and mother and child holding hands in the city for safety, support and trust in Switzerland. Help, compassion and back of a kid and parent walking outdoors with guidance and affection."},{"@type":"BreadcrumbList","@id":"https:\/\/promis.qc.ca\/en\/activities-calendar\/loi-de-la-protection-de-la-jeunesse-et-dpj-2e-partie\/#breadcrumb","itemListElement":[{"@type":"ListItem","position":1,"name":"Home","item":"https:\/\/promis.qc.ca\/en\/"},{"@type":"ListItem","position":2,"name":"Loi de la protection de la jeunesse et DPJ &#8211; 2e partie"}]},{"@type":"WebSite","@id":"https:\/\/promis.qc.ca\/en\/#website","url":"https:\/\/promis.qc.ca\/en\/","name":"PROMIS","description":"Assistance for immigrants and refugees in Montreal","publisher":{"@id":"https:\/\/promis.qc.ca\/en\/#organization"},"potentialAction":[{"@type":"SearchAction","target":{"@type":"EntryPoint","urlTemplate":"https:\/\/promis.qc.ca\/en\/?s={search_term_string}"},"query-input":{"@type":"PropertyValueSpecification","valueRequired":true,"valueName":"search_term_string"}}],"inLanguage":"en-US"},{"@type":"Organization","@id":"https:\/\/promis.qc.ca\/en\/#organization","name":"Promis","url":"https:\/\/promis.qc.ca\/en\/","logo":{"@type":"ImageObject","inLanguage":"en-US","@id":"https:\/\/promis.qc.ca\/en\/#\/schema\/logo\/image\/","url":"https:\/\/promis.qc.ca\/wp-content\/uploads\/2024\/12\/anim-accueil-v2-3.svg","contentUrl":"https:\/\/promis.qc.ca\/wp-content\/uploads\/2024\/12\/anim-accueil-v2-3.svg","width":1,"height":1,"caption":"Promis"},"image":{"@id":"https:\/\/promis.qc.ca\/en\/#\/schema\/logo\/image\/"},"sameAs":["https:\/\/www.facebook.com\/promisimmigration"]}]}},"_links":{"self":[{"href":"https:\/\/promis.qc.ca\/en\/wp-json\/wp\/v2\/mec-events\/5343","targetHints":{"allow":["GET"]}}],"collection":[{"href":"https:\/\/promis.qc.ca\/en\/wp-json\/wp\/v2\/mec-events"}],"about":[{"href":"https:\/\/promis.qc.ca\/en\/wp-json\/wp\/v2\/types\/mec-events"}],"author":[{"embeddable":true,"href":"https:\/\/promis.qc.ca\/en\/wp-json\/wp\/v2\/users\/3"}],"replies":[{"embeddable":true,"href":"https:\/\/promis.qc.ca\/en\/wp-json\/wp\/v2\/comments?post=5343"}],"wp:featuredmedia":[{"embeddable":true,"href":"https:\/\/promis.qc.ca\/en\/wp-json\/wp\/v2\/media\/4636"}],"wp:attachment":[{"href":"https:\/\/promis.qc.ca\/en\/wp-json\/wp\/v2\/media?parent=5343"}],"wp:term":[{"taxonomy":"post_tag","embeddable":true,"href":"https:\/\/promis.qc.ca\/en\/wp-json\/wp\/v2\/tags?post=5343"},{"taxonomy":"mec_category","embeddable":true,"href":"https:\/\/promis.qc.ca\/en\/wp-json\/wp\/v2\/mec_category?post=5343"}],"curies":[{"name":"wp","href":"https:\/\/api.w.org\/{rel}","templated":true}]}}

<p><strong>Mardi le 19 mai, de 14 h à 16 h</strong></p>
<p><em>(Cette conférence est la suite d&#8217;une première conférence tenue en avril)</em></p>
<p>Lors de cette présentation, il sera question de la Loi de la protection de la jeunesse du Québec et du fonctionnement de la Direction de la protection de la jeunesse (DPJ). La DPJ est l&#8217;organisation qui applique cette loi (services, programmes, interventions).</p>
<p><strong>Conférencière :</strong><br />
Mme Tara Mabrouk<br />
Agente de Relation Humaine<br />
(Maîtrise Sc. en psychologie clinique et psychopathologie, et à OTSTCFQ)<br />
Direction de la Protection de la Jeunesse, Montréal (DPJ)</p>
<p>Personne-ressource : Vanessa Mae Guerrero</p>
<p><strong>3333, Chemin de la Côte-Sainte-Catherine Montréal (QC) H3T 1C8</strong></p>
<p><i>Pour participer, <a class="btn btn-secondary" href="https://calendly.com/vanessa-guerrero-promis/la-loi-de-la-protection-de-la-jeunesse-et-la-dpj-2?month=2026-05" target="_blank" rel="noopener">cliquez ici.</a></i></p>

<p>Mardi le 19 mai, de 14 h à 16 h (Cette conférence est la suite d&#8217;une première conférence tenue en avril) Lors de cette présentation, il sera question de la Loi de la protection de la jeunesse du Québec et du fonctionnement de la Direction de la protection de la jeunesse (DPJ). La DPJ est [&hellip;]</p>

<!-- This site is optimized with the Yoast SEO plugin v24.6 - https://yoast.com/wordpress/plugins/seo/ -->
<title>Loi de la protection de la jeunesse et DPJ - 2e partie | PROMIS</title>
<meta name="robots" content="index, follow, max-snippet:-1, max-image-preview:large, max-video-preview:-1" />
<link rel="canonical" href="https://promis.qc.ca/en/activities-calendar/loi-de-la-protection-de-la-jeunesse-et-dpj-2e-partie/" />
<meta property="og:locale" content="en_US" />
<meta property="og:type" content="article" />
<meta property="og:title" content="Loi de la protection de la jeunesse et DPJ - 2e partie | PROMIS" />
<meta property="og:description" content="Mardi le 19 mai, de 14 h à 16 h (Cette conférence est la suite d&#8217;une première conférence tenue en avril) Lors de cette présentation, il sera question de la Loi de la protection de la jeunesse du Québec et du fonctionnement de la Direction de la protection de la jeunesse (DPJ). La DPJ est [&hellip;]" />
<meta property="og:url" content="https://promis.qc.ca/en/activities-calendar/loi-de-la-protection-de-la-jeunesse-et-dpj-2e-partie/" />
<meta property="og:site_name" content="PROMIS" />
<meta property="article:publisher" content="https://www.facebook.com/promisimmigration" />
<meta property="og:image" content="https://promis.qc.ca/wp-content/uploads/2024/12/sintegrer-pour-rester-lorem-ipsum-dolor-sit-amet-consectetur-adipiscing-elit-quisque-laoreet-scelerisque-porttitor-vestibulum-metus-leo-aliquet-vitae-nisi-non-sodales-sodales-ipsum-sintegr.jpg" />
	<meta property="og:image:width" content="1600" />
	<meta property="og:image:height" content="675" />
	<meta property="og:image:type" content="image/jpeg" />
<meta name="twitter:card" content="summary_large_image" />
<meta name="twitter:label1" content="Est. reading time" />
	<meta name="twitter:data1" content="1 minute" />
<script type="application/ld+json" class="yoast-schema-graph">{"@context":"https://schema.org","@graph":[{"@type":"WebPage","@id":"https://promis.qc.ca/en/activities-calendar/loi-de-la-protection-de-la-jeunesse-et-dpj-2e-partie/","url":"https://promis.qc.ca/en/activities-calendar/loi-de-la-protection-de-la-jeunesse-et-dpj-2e-partie/","name":"Loi de la protection de la jeunesse et DPJ - 2e partie | PROMIS","isPartOf":{"@id":"https://promis.qc.ca/en/#website"},"primaryImageOfPage":{"@id":"https://promis.qc.ca/en/activities-calendar/loi-de-la-protection-de-la-jeunesse-et-dpj-2e-partie/#primaryimage"},"image":{"@id":"https://promis.qc.ca/en/activities-calendar/loi-de-la-protection-de-la-jeunesse-et-dpj-2e-partie/#primaryimage"},"thumbnailUrl":"https://promis.qc.ca/wp-content/uploads/2025/09/dpj-parents-enfants-1x1-1.jpg","datePublished":"2026-04-30T20:49:57+00:00","breadcrumb":{"@id":"https://promis.qc.ca/en/activities-calendar/loi-de-la-protection-de-la-jeunesse-et-dpj-2e-partie/#breadcrumb"},"inLanguage":"en-US","potentialAction":[{"@type":"ReadAction","target":["https://promis.qc.ca/en/activities-calendar/loi-de-la-protection-de-la-jeunesse-et-dpj-2e-partie/"]}]},{"@type":"ImageObject","inLanguage":"en-US","@id":"https://promis.qc.ca/en/activities-calendar/loi-de-la-protection-de-la-jeunesse-et-dpj-2e-partie/#primaryimage","url":"https://promis.qc.ca/wp-content/uploads/2025/09/dpj-parents-enfants-1x1-1.jpg","contentUrl":"https://promis.qc.ca/wp-content/uploads/2025/09/dpj-parents-enfants-1x1-1.jpg","width":600,"height":600,"caption":"Love, care and mother and child holding hands in the city for safety, support and trust in Switzerland. Help, compassion and back of a kid and parent walking outdoors with guidance and affection."},{"@type":"BreadcrumbList","@id":"https://promis.qc.ca/en/activities-calendar/loi-de-la-protection-de-la-jeunesse-et-dpj-2e-partie/#breadcrumb","itemListElement":[{"@type":"ListItem","position":1,"name":"Home","item":"https://promis.qc.ca/en/"},{"@type":"ListItem","position":2,"name":"Loi de la protection de la jeunesse et DPJ &#8211; 2e partie"}]},{"@type":"WebSite","@id":"https://promis.qc.ca/en/#website","url":"https://promis.qc.ca/en/","name":"PROMIS","description":"Assistance for immigrants and refugees in Montreal","publisher":{"@id":"https://promis.qc.ca/en/#organization"},"potentialAction":[{"@type":"SearchAction","target":{"@type":"EntryPoint","urlTemplate":"https://promis.qc.ca/en/?s={search_term_string}"},"query-input":{"@type":"PropertyValueSpecification","valueRequired":true,"valueName":"search_term_string"}}],"inLanguage":"en-US"},{"@type":"Organization","@id":"https://promis.qc.ca/en/#organization","name":"Promis","url":"https://promis.qc.ca/en/","logo":{"@type":"ImageObject","inLanguage":"en-US","@id":"https://promis.qc.ca/en/#/schema/logo/image/","url":"https://promis.qc.ca/wp-content/uploads/2024/12/anim-accueil-v2-3.svg","contentUrl":"https://promis.qc.ca/wp-content/uploads/2024/12/anim-accueil-v2-3.svg","width":1,"height":1,"caption":"Promis"},"image":{"@id":"https://promis.qc.ca/en/#/schema/logo/image/"},"sameAs":["https://www.facebook.com/promisimmigration"]}]}</script>
<!-- / Yoast SEO plugin. -->

Mardi le 19 mai, de 14 h à 16 h (Cette conférence est la suite d&#8217;une première conférence tenue en avril) Lors de cette présentation, il sera question de la Loi de la protection de la jeunesse du Québec et du fonctionnement de la Direction de la protection de la jeunesse (DPJ). La DPJ est [&hellip;]
